prime factors of 4866.
2, 3, 811
What are the prime factors of 4125?
3, 5, 11
What are the prime factors of 3172?
2, 13, 61
What are the prime factors of 3483?
3, 43
List the prime factors of 853.
853
What are the prime factors of 147790?
2, 5, 14779
What are the prime factors of 1784?
2, 223
What are the prime factors of 770?
2, 5, 7, 11
What are the prime factors of 3748?
2, 937
What are the prime factors of 1445?
5, 17
What are the prime factors of 2408?
2, 7, 43
List the prime factors of 2303.
7, 47
List the prime factors of 137.
137
What are the prime factors of 601?
601
What are the prime factors of 2179?
2179
What are the prime factors of 38556?
2, 3, 7, 17
List the prime factors of 5672.
2, 709
What are the prime factors of 15882?
2, 3, 2647
What are the prime factors of 72544?
2, 2267
List the prime factors of 2809.
53
What are the prime factors of 1686?
2, 3, 281
What are the prime factors of 17010?
2, 3, 5, 7
List the prime factors of 25646.
2, 12823
What are the prime factors of 14262?
2, 3, 2377
What are the prime factors of 2362?
2, 1181
List the prime factors of 709.
709
What are the prime factors of 5177?
31, 167
What are the prime factors of 8067?
3, 2689
List the prime factors of 64967.
7, 9281
List the prime factors of 30357.
3, 3373
List the prime factors of 57923.
57923
List the prime factors of 1575.
3, 5, 7
List the prime factors of 495.
3, 5, 11
What are the prime factors of 718?
2, 359
List the prime factors of 40775.
5, 7, 233
What are the prime factors of 25217?
151, 167
List the prime factors of 1162.
2, 7, 83
What are the prime factors of 9123?
3, 3041
List the prime factors of 22275.
3, 5, 11
What are the prime factors of 2408?
2, 7, 43
What are the prime factors of 473?
11, 43
List the prime factors of 2364.
2, 3, 197
What are the prime factors of 298?
2, 149
What are the prime factors of 38730?
2, 3, 5, 1291
What are the prime factors of 97592?
2, 11, 1109
What are the prime factors of 11218?
2, 71, 79
List the prime factors of 9562.
2, 7, 683
List the prime factors of 113065.
5, 22613
List the prime factors of 1190.
2, 5, 7, 17
What are the prime factors of 60916?
2, 97, 157
List the prime factors of 15954.
2, 3, 2659
What are the prime factors of 5264?
2, 7, 47
List the prime factors of 8089.
8089
What are the prime factors of 56317?
199, 283
List the prime factors of 1282.
2, 641
What are the prime factors of 33019?
7, 53, 89
What are the prime factors of 15151?
109, 139
List the prime factors of 6709.
6709
List the prime factors of 575.
5, 23
What are the prime factors of 9061?
13, 17, 41
List the prime factors of 7733.
11, 19, 37
What are the prime factors of 5305?
5, 1061
What are the prime factors of 3903?
3, 1301
List the prime factors of 87.
3, 29
List the prime factors of 696.
2, 3, 29
What are the prime factors of 5078?
2, 2539
List the prime factors of 42946.
2, 109, 197
What are the prime factors of 54356?
2, 107, 127
List the prime factors of 1587.
3, 23
What are the prime factors of 111336?
2, 3, 4639
List the prime factors of 97.
97
List the prime factors of 2331.
3, 7, 37
What are the prime factors of 79006?
2, 39503
What are the prime factors of 11942?
2, 7, 853
List the prime factors of 1754.
2, 877
What are the prime factors of 1063?
1063
What are the prime factors of 5225?
5, 11, 19
What are the prime factors of 5050?
2, 5, 101
List the prime factors of 20946.
2, 3, 3491
What are the prime factors of 49905?
3, 5, 1109
List the prime factors of 28.
2, 7
What are the prime factors of 41550?
2, 3, 5, 277
List the prime factors of 4032.
2, 3, 7
List the prime factors of 40299.
3, 7, 19, 101
List the prime factors of 68026.
2, 7, 43, 113
What are the prime factors of 205?
5, 41
What are the prime factors of 8083?
59, 137
List the prime factors of 2970.
2, 3, 5, 11
What are the prime factors of 11760?
2, 3, 5, 7
What are the prime factors of 1978?
2, 23, 43
What are the prime factors of 1215?
3, 5
List the prime factors of 101147.
41, 2467
What are the prime factors of 1361?
1361
What are the prime factors of 8889?
3, 2963
List the prime factors of 36398.
2, 18199
List the prime factors of 17445.
3, 5, 1163
List the prime factors of 2851.
2851
What are the prime factors of 699?
3, 233
What are the prime factors of 44633?
44633
What are the prime factors of 18997?
11, 157
List the prime factors of 12334.
2, 7, 881
List the prime factors of 958.
2, 479
List the prime factors of 2747.
41, 67
List the prime factors of 34488.
2, 3, 479
List the prime factors of 752.
2, 47
List the prime factors of 18330.
2, 3, 5, 13, 47
List the prime factors of 1277.
1277
What are the prime factors of 1318?
2, 659
What are the prime factors of 6233?
23, 271
List the prime factors of 92136.
2, 3, 11, 349
What are the prime factors of 10949?
10949
What are the prime factors of 2678?
2, 13, 103
List the prime factors of 54029.
97, 557
List the prime factors of 29972.
2, 59, 127
What are the prime factors of 16625?
5, 7, 19
What are the prime factors of 1874?
2, 937
List the prime factors of 58726.
2, 29363
List the prime factors of 137.
137
List the prime factors of 1584.
2, 3, 11
What are the prime factors of 1721?
1721
List the prime factors of 123049.
123049
What are the prime factors of 42497?
7, 13, 467
List the prime factors of 21048.
2, 3, 877
What are the prime factors of 658?
2, 7, 47
What are the prime factors of 4762?
2, 2381
What are the prime factors of 6746?
2, 3373
What are the prime factors of 10405?
5, 2081
What are the prime factors of 177?
3, 59
What are the prime factors of 4100?
2, 5, 41
What are the prime factors of 4918?
2, 2459
List the prime factors of 280.
2, 5, 7
What are the prime factors of 10993?
10993
What are the prime factors of 658?
2, 7, 47
What are the prime factors of 3135?
3, 5, 11, 19
What are the prime factors of 43602?
2, 3, 13, 43
What are the prime factors of 66414?
2, 3, 11069
What are the prime factors of 3091?
11, 281
What are the prime factors of 10667?
10667
What are the prime factors of 4681?
31, 151
What are the prime factors of 250?
2, 5
What are the prime factors of 209?
11, 19
List the prime factors of 66305.
5, 89, 149
What are the prime factors of 7259?
7, 17, 61
What are the prime factors of 38892?
2, 3, 7, 463
List the prime factors of 22838.
2, 19, 601
List the prime factors of 3419.
13, 263
List the prime factors of 18917.
18917
List the prime factors of 5810.
2, 5, 7, 83
List the prime factors of 102138.
2, 3, 29, 587
What are the prime factors of 97648?
2, 17, 359
List the prime factors of 47585.
5, 31, 307
List the prime factors of 2113.
2113
List the prime factors of 4196.
2, 1049
What are the prime factors of 1380?
2, 3, 5, 23
What are the prime factors of 16601?
13, 1277
List the prime factors of 1607.
1607
List the prime factors of 3365.
5, 673
List the prime factors of 8938.
2, 41, 109
List the prime factors of 53608.
2, 6701
List the prime factors of 129624.
2, 3, 11, 491
What are the prime factors of 20118?
2, 3, 7, 479
What are the prime factors of 1441?
11, 131
List the prime factors of 188.
2, 47
What are the prime factors of 740?
2, 5, 37
List the prime factors of 3416.
2, 7, 61
List the prime factors of 7129.
7129
List the prime factors of 129247.
307, 421
List the prime factors of 24957.
3, 47, 59
What are the prime factors of 8483?
17, 499
What are the prime factors of 7481?
7481
List the prime factors of 65338.
2, 7, 13, 359
List the prime factors of 498.
2, 3, 83
List the prime factors of 3092.
2, 773
List the prime factors of 28294.
2, 7, 43, 47
What are the prime factors of 80?
2, 5
List the prime factors of 229.
229
List the prime factors of 9679.
9679
List the prime factors of 56966.
2, 7, 13, 313
List the prime factors of 2288.
2, 11, 13
List the prime factors of 7947.
3, 883
List the prime factors of 156530.
2, 5, 11, 1423
List the prime factors of 201805.
5, 40361
List the prime factors of 5659.
5659
What are the prime factors of 5850?
2, 3, 5, 13
What are the prime factors of 606?
2, 3, 101
List the prime factors of 36981.
3, 7, 587
What are the prime factors of 33807?
3, 59, 191
List the prime factors of 1770.
2, 3, 5, 59
What are the prime factors of 7038?
2, 3, 17, 23
What are the prime factors of 116262?
2, 3, 2153
List the pri